{"id":2,"date":"2024-05-28T18:53:28","date_gmt":"2024-05-28T16:53:28","guid":{"rendered":"http:\/\/labiole.fr\/?page_id=2"},"modified":"2024-09-02T14:59:50","modified_gmt":"2024-09-02T12:59:50","slug":"page-d-exemple","status":"publish","type":"page","link":"https:\/\/labiole.fr\/","title":{"rendered":"L&#8217;ab\u00efolle"},"content":{"rendered":"\n<p>Dans l&#8217;ombre d&#8217;une forge br\u00fblante, o\u00f9 la sueur et l&#8217;acier se m\u00e9langent, na\u00eet un plaisir coupant. Ce n\u2019est pas juste un couteau, c\u2019est ton rituel sacr\u00e9. Con\u00e7u pour ceux qui savent que chaque geste compte, il est l&#8217;outil le plus aff\u00fbt\u00e9 de tes d\u00e9sirs. <br>Un plaisir aiguis\u00e9, aussi tranchant que tes fantasmes. Il est la seule chose que tu veux sentir vibrer dans ta main. <\/p>\n\n\n\n<div class=\"wp-block-media-text is-stacked-on-mobile is-vertically-aligned-center\"><figure class=\"wp-block-media-text__media\"><img loading=\"lazy\" decoding=\"async\" width=\"768\" height=\"1024\" src=\"https:\/\/labiole.fr\/wp-content\/uploads\/2024\/09\/LOGO-1-768x1024.jpg\" alt=\"\" class=\"wp-image-79 size-full\" srcset=\"https:\/\/labiole.fr\/wp-content\/uploads\/2024\/09\/LOGO-1-768x1024.jpg 768w, https:\/\/labiole.fr\/wp-content\/uploads\/2024\/09\/LOGO-1-225x300.jpg 225w, https:\/\/labiole.fr\/wp-content\/uploads\/2024\/09\/LOGO-1-1152x1536.jpg 1152w, https:\/\/labiole.fr\/wp-content\/uploads\/2024\/09\/LOGO-1-1536x2048.jpg 1536w, https:\/\/labiole.fr\/wp-content\/uploads\/2024\/09\/LOGO-1-416x555.jpg 416w, https:\/\/labiole.fr\/wp-content\/uploads\/2024\/09\/LOGO-1.jpg 1668w\" sizes=\"auto, (max-width: 768px) 100vw, 768px\" \/><\/figure><div class=\"wp-block-media-text__content\">\n<p class=\"has-text-align-left has-large-font-size\"><strong>L&#8217;ab\u00efolle<\/strong><\/p>\n\n\n\n<p>L&#8217;homme, l&#8217;outil.<\/p>\n<\/div><\/div>\n\n\n\n<p>Quand les cordes se tendent et que la sueur perle, cette lame devient une extension de ton plaisir. Elle ne se contente pas de couper, elle s\u00e9pare l\u2019ordinaire de l\u2019extraordinaire, elle glisse avec la douceur d\u2019une corde bien nou\u00e9e. <br>Que tu sois dans un donjon ou dans ta cuisine, il est pr\u00eat \u00e0 couper ce qui doit l\u2019\u00eatre, avec une pr\u00e9cision qui fait frissonner. Enlace-le, caresse-le, et laisse-le faire son \u0153uvre.<\/p>\n\n\n\n<p>Entre l&#8217;enfer brulant et l&#8217;acier, j&#8217;ai cr\u00e9\u00e9 ce couteau avec la m\u00eame intensit\u00e9 que tes plus folles nuits de passion. Tranchant comme tes envies, il est l&#8217;outil parfait pour toi qui aime jouer \u00e0 la dure. C&#8217;est la seule chose qui saura satisfaire pleinement ton corps br\u00fblant. Prends-le en main, fais-le danser, et laisse-le te montrer pourquoi il est l\u2019objet le plus aff\u00fbt\u00e9 de ta collection\u2026 en tout point.<\/p>\n\n\n\n<p><\/p>\n","protected":false},"excerpt":{"rendered":"<p>Dans l&#8217;ombre d&#8217;une forge br\u00fblante, o\u00f9 la sueur et l&#8217;acier se m\u00e9langent, na\u00eet un plaisir coupant. Ce n\u2019est pas juste un couteau, c\u2019est ton rituel sacr\u00e9. Con\u00e7u pour ceux qui savent que chaque geste compte, il est l&#8217;outil le plus aff\u00fbt\u00e9 de tes d\u00e9sirs. Un plaisir aiguis\u00e9, aussi tranchant que tes fantasmes. Il est la [&hellip;]<\/p>\n","protected":false},"author":1,"featured_media":0,"parent":0,"menu_order":0,"comment_status":"closed","ping_status":"open","template":"","meta":{"footnotes":""},"class_list":["post-2","page","type-page","status-publish","hentry"],"_links":{"self":[{"href":"https:\/\/labiole.fr\/index.php\/wp-json\/wp\/v2\/pages\/2","targetHints":{"allow":["GET"]}}],"collection":[{"href":"https:\/\/labiole.fr\/index.php\/wp-json\/wp\/v2\/pages"}],"about":[{"href":"https:\/\/labiole.fr\/index.php\/wp-json\/wp\/v2\/types\/page"}],"author":[{"embeddable":true,"href":"https:\/\/labiole.fr\/index.php\/wp-json\/wp\/v2\/users\/1"}],"replies":[{"embeddable":true,"href":"https:\/\/labiole.fr\/index.php\/wp-json\/wp\/v2\/comments?post=2"}],"version-history":[{"count":12,"href":"https:\/\/labiole.fr\/index.php\/wp-json\/wp\/v2\/pages\/2\/revisions"}],"predecessor-version":[{"id":91,"href":"https:\/\/labiole.fr\/index.php\/wp-json\/wp\/v2\/pages\/2\/revisions\/91"}],"wp:attachment":[{"href":"https:\/\/labiole.fr\/index.php\/wp-json\/wp\/v2\/media?parent=2"}],"curies":[{"name":"wp","href":"https:\/\/api.w.org\/{rel}","templated":true}]}}